at is the highest common divisor of s and 4?
4
Let t(r) = -3*r + 31. Let l be t(9). What is the greatest common divisor of l and 16?
4
Suppose -z = h - 18, 4*z - 2*h - 78 = -0*h. What is the highest common factor of z and 19?
19
Let f = 7 + -4. Suppose 5 = 3*g - 4. Let j = g + 24. What is the greatest common divisor of j and f?
3
Let m = -4 + 14. What is the highest common divisor of 10 and m?
10
Suppose 498 = 15*l - 312. What is the highest common factor of l and 12?
6
Let y be (-76)/(-6) - 2/3. Let h = -33 - -22. Let z = 19 - h. Calculate the highest common divisor of z and y.
6
Let b(t) = -5*t. Let n be b(3). Let z = n - -27. What is the greatest common divisor of 108 and z?
12
Let g(k) = -6*k - 3. Let h be g(-4). Let l(p) = 7*p + 31. Let d be l(-4). What is the highest common factor of h and d?
3
Let k(n) = 20*n + 1. Let t be k(-1). Let g = t - -22. What is the greatest common factor of 15 and g?
3
Let g(l) = l + 9. Let u be g(-6). Suppose -2*h + 14 = u*k, k - 4*k + 8 = 5*h. What is the highest common divisor of k and 48?
6
Let y = -9 + 4. Let j be (-141)/15 + (-2)/y. Let a be (-4)/(-6) - 138/j. Calculate the greatest common factor of a and 2.
2
Let k = 38 - 8. Calculate the greatest common divisor of k and 12.
6
Let t = 86 + -26. What is the greatest common factor of 12 and t?
12
Let b(v) = -17*v + 2. Let i be (1 + (-2 - -2))*-4. Let d be b(i). Suppose -j = -2*j + d. Calculate the greatest common divisor of 10 and j.
10
Suppose -2*c - d + 134 = 0, 1 + 1 = d. What is the highest common divisor of 6 and c?
6
Let j be ((-33)/9)/((-4)/(-12)*-1). What is the highest common divisor of j and 44?
11
Let g be -3*1 - 48/(-4). Calculate the greatest common factor of g and 81.
9
Let s(l) = -2*l**2 + 27*l - 13. Let m be s(11). What is the greatest common divisor of m and 14?
14
Let q = -101 + 176. What is the greatest common factor of 25 and q?
25
Suppose 0 = 2*s - 0 - 4. Suppose s*n = -2*h - 2, 0 = n - 3*n + 2*h + 10. Suppose 4*l = -28 + 92. Calculate the highest common divisor of l and n.
2
Let u = -62 + 113. Calculate the greatest common divisor of u and 17.
17
Suppose 0 = 4*s - 3*v - 474, -4*v + 6 = -2. Let m = -12 + s. What is the highest common factor of 12 and m?
12
Let j = -359 - -645. Calculate the greatest common divisor of 26 and j.
26
Let p(i) = 57*i**2 - 3*i + 1. Let k be p(1). What is the highest common factor of k and 22?
11
Suppose 0*b - 5*b + 305 = 0. Let n = b - 25. What is the highest common factor of 12 and n?
12
Suppose -425 = -5*g - 140. What is the greatest common divisor of 38 and g?
19
Let o = 15 + -14. Let i be (-141)/(-12) - o/(-4). What is the greatest common factor of i and 84?
12
Suppose m - j - 97 = 0, 4*j = 3 - 23. Calculate the highest common factor of m and 138.
46
Let a(j) = -j - 6. Let f be a(-8). Suppose 0 = -4*p - f*k - 10, p + 2*p + 2*k = -9. Let m be (20/12)/(p/(-3)). What is the highest common divisor of 35 and m?
5
Let v = -22 + 54. Calculate the greatest common factor of 80 and v.
16
Let d be (-220)/33*(-6)/4. What is the greatest common divisor of d and 10?
10
Let b(j) be the second derivative of j**5/20 + 7*j**4/12 + j**3/3 - 3*j**2 - 4*j. Let l be b(-5). Calculate the greatest common divisor of l and 51.
17
Suppose 4 = 2*n - 2. Let g be (1 + n + -2)*1. Let l be ((-1)/(-2))/(g/28). What is the highest common factor of l and 49?
7
Let c be (27/(-3))/3 - -9. Calculate the greatest common factor of 66 and c.
6
Let f be 2*2/8*6. Let c be f + (-2)/(-1) + 3. Let d be 3/(-12) + 81/4. Calculate the greatest common factor of d and c.
4
Let r(s) = 3*s**3 + 50*s**2 + 30*s + 4. Let g be r(-16). Let z(y) = -2*y**3 - 6*y**2 - 5*y + 2. Let a be z(-4). What is the greatest common divisor of g and a?
18
Suppose -4*k = -3*y - 102, k = 5*y + 3 + 14. Calculate the greatest common factor of k and 189.
27
Suppose 38 = -4*x - 5*n, 2*x - 4*x - n - 16 = 0. Let p be 2/x + 1224/21. Let i = p - 18. Calculate the highest common factor of 10 and i.
10
Let l = 13 + -9. Suppose l*n = 2*n + 10. Suppose 3*c = -n*i + 29, 0 = 2*c - i - 3 + 1. What is the greatest common factor of c and 15?
3
Let j = -16 - -43. Let o(b) = -6*b + 9. Let r be o(1). Calculate the highest common factor of r and j.
3
Let v be 1 + -6 - -6 - (1 + -16). What is the highest common divisor of 16 and v?
16
Let b be 9/(225/(-190))*10/(-4). Calculate the highest common divisor of b and 209.
19
Suppose j - 26 = -7. What is the highest common factor of 95 and j?
19
Let u = 7 - 4. Let o = 23 + -6. Let c = o - u. What is the greatest common factor of 112 and c?
14
Suppose -u - 2*u = -126. Suppose -53 = -2*y - h, -2 = -y - 4*h + u. What is the highest common divisor of y and 12?
12
Let t(h) = h**2 - 5*h. Let y be -21*(-1 - (-4)/6). Let p be t(y). What is the greatest common factor of p and 14?
14
Let i be (-158)/(-12) - 2/12. Let d = i - -6. What is the highest common factor of 57 and d?
19
Let t(i) = -i**2 + 2*i + 33. Let u be t(0). What is the highest common factor of 3 and u?
3
Suppose -30 = -2*a + 2*q, a = -0*a - 5*q - 15. Let l(r) = -2*r + 15. Let y be l(5). Calculate the highest common divisor of y and a.
5
Let v be (-57)/(-21) + (-10)/(-35). Let a = 19 + -7. Calculate the greatest common factor of v and a.
3
Suppose 0 = 2*i + 3*z - 21, -6*z + z - 5 = 0. Suppose 2*v + 2*v = -5*y + 1, 0 = 4*y + i. What is the highest common factor of v and 10?
2
Let g be 9 - 6/(-5)*5/(-3). What is the highest common divisor of g and 28?
7
Let h = -68 - -103. Suppose 4*v - h = 45. Let f = -8 + v. What is the greatest common divisor of 84 and f?
12
Suppose -s + 8 = s. Let g(b) be the first derivative of -b**4/4 + 5*b**3/3 + b**2 + 1. Let a be g(s). Calculate the greatest common factor of 8 and a.
8
Suppose 4*d + 1 = -3*x + 79, 0 = -3*x + 4*d + 54. Suppose r - x = -r. Let k = 18 - r. Calculate the greatest common factor of k and 77.
7
Let a(o) = -2*o**2 + 14*o + 7. Let q be a(7). Suppose -4*h + 9*h + 15 = 0, -2*h = 4*c + 2. Calculate the greatest common divisor of q and c.
1
Suppose -3*k + 6*k - 465 = 0. Calculate the greatest common divisor of 62 and k.
31
Let q = -26 + 40. Calculate the greatest common divisor of q and 28.
14
Suppose 3*a = -5*p + 4, a - 2 = -4*p + 4. Suppose -11 = -p*x + 3. What is the highest common divisor of 21 and x?
7
Let q be -1*4/(4 + -2). Let t = q - -5. Let c be 38/3 - (-4)/(-6). Calculate the highest common divisor of c and t.
3
Let f = 1 + 8. Let s(y) = y**3 - 5*y**2 + 9*y. Let w be s(6). Suppose 0*x + w = x. What is the greatest common divisor of x and f?
9
Let h be 2/(-6) + (3370/(-6))/(-5). Calculate the highest common factor of h and 28.
28
Let d = -5 - -8. Suppose -90 = -d*o + 4*l - 22, 3*o - 53 = l. Suppose 6*h - 2*h - o = -4*x, -3*h = -4*x - 40. Calculate the highest common divisor of 8 and h.
8
Suppose 4*b + t = -0*t + 13, 3*t = -2*b + 19. Suppose -b*y - 54 = -3*y. Suppose -2*j = -7*j + 30. What is the highest common factor of j and y?
6
Suppose -2*o = 3*o - 210. Calculate the greatest common factor of o and 42.
42
Let b(a) = a**3 + 7*a - 10. Let d be b(2). What is the highest common factor of d and 132?
12
Let i(n) = n. Let p be i(-5). Let s(o) = o**3 + 7*o**2 + 5*o - 6. Let y be s(p). Calculate the greatest common factor of y and 133.
19
Let w be (-90)/(-12)*(-16)/(-6). Calculate the greatest common factor of 10 and w.
10
Suppose -68 = -0*z - 4*z. What is the greatest common factor of 119 and z?
17
Let a(t) = -t**2 + 10*t - 6. Let w be a(9). Suppose -5*y = 2*z - 76, 0 = 2*z - w*y - 24 - 20. What is the highest common divisor of z and 7?
7
Let k be 0/((-3)/(-1) + -2). Let n(i) = i + 18. Let q be n(k). Calculate the greatest common divisor of 12 and q.
6
Suppose 4*c = 5 + 3. Suppose -c*a = -4*a + 72. Suppose -2 = h - 6. Calculate the highest common divisor of a and h.
4
Suppose 6 = -3*s + 84. What is the highest common factor of s and 65?
13
Suppose 0 = 5*r + b - 243, -r - 2*b + 45 = -0*b. Let u be 8/(-8) + (-16)/(-1). Let i be (-19 + -2)*(-5)/u. What is the greatest common divisor of r and i?
7
Let o be (-441)/(-12) + ((-14)/8 - -2). What is the highest common factor of o and 37?
37
Let x(z) = -z**3 + 10*z**2 + 2*z - 3. Let u be x(9). Let i be 2/(-5) - u/(-15). What is the highest common factor of 9 and i?
3
Let o = -56 + 73. Suppose -j + 2*s = 2*j 